{"id":124,"date":"2024-09-08T22:21:43","date_gmt":"2024-09-08T20:21:43","guid":{"rendered":"https:\/\/www.citypark.com.py\/citypark\/?page_id=124"},"modified":"2024-09-09T00:16:24","modified_gmt":"2024-09-08T22:16:24","slug":"124-2","status":"publish","type":"page","link":"https:\/\/www.citypark.com.py\/citypark\/124-2\/","title":{"rendered":"Historia"},"content":{"rendered":"\n<figure class=\"wp-block-gallery has-nested-images columns-default is-cropped wp-block-gallery-1 is-layout-flex wp-block-gallery-is-layout-flex\">\n<figure class=\"wp-block-image size-full\"><img loading=\"lazy\" decoding=\"async\" width=\"1024\" height=\"656\" data-id=\"126\" src=\"https:\/\/www.citypark.com.py\/citypark\/wp-content\/uploads\/2024\/09\/historia_new.png\" alt=\"\" class=\"wp-image-126\" srcset=\"https:\/\/www.citypark.com.py\/citypark\/wp-content\/uploads\/2024\/09\/historia_new.png 1024w, https:\/\/www.citypark.com.py\/citypark\/wp-content\/uploads\/2024\/09\/historia_new-600x384.png 600w, https:\/\/www.citypark.com.py\/citypark\/wp-content\/uploads\/2024\/09\/historia_new-300x192.png 300w, https:\/\/www.citypark.com.py\/citypark\/wp-content\/uploads\/2024\/09\/historia_new-768x492.png 768w\" sizes=\"auto, (max-width: 1024px) 100vw, 1024px\" \/><\/figure>\n<\/figure>\n\n\n\n<p>City Park Paraguay es un parque de diversiones ubicado en la ciudad de Asunci\u00f3n. Fue inaugurado el 1 de marzo de 1999, marcando el inicio de una nueva era de entretenimiento para las familias paraguayas. Desde su apertura, el parque ha sido un lugar emblem\u00e1tico para la diversi\u00f3n y el esparcimiento, ofreciendo una variedad de juegos y atracciones dise\u00f1adas para todas las edades.<\/p>\n\n\n\n<p>En sus primeros a\u00f1os, City Park contaba con una selecci\u00f3n modesta de juegos mec\u00e1nicos y \u00e1reas recreativas. Sin embargo, con el paso del tiempo, el parque ha experimentado una serie de mejoras y expansiones significativas. Estas mejoras han incluido la incorporaci\u00f3n de nuevas atracciones, la modernizaci\u00f3n de las instalaciones existentes y la implementaci\u00f3n de medidas de seguridad avanzadas para garantizar una experiencia segura y agradable para todos los visitantes.<\/p>\n\n\n\n<p>El compromiso de City Park con la calidad y la innovaci\u00f3n ha sido constante. Cada a\u00f1o, el parque introduce nuevas atracciones y eventos especiales, manteniendo su relevancia y atractivo para las familias de Paraguay. Adem\u00e1s, el parque se ha convertido en un lugar popular para la celebraci\u00f3n de eventos comunitarios y festivales, fortaleciendo su papel como un centro de entretenimiento y reuni\u00f3n social en Asunci\u00f3n.<\/p>\n\n\n\n<p>Hoy en d\u00eda, City Park Paraguay sigue siendo un destino favorito para aquellos que buscan una diversi\u00f3n sana y emocionante. Con su combinaci\u00f3n de atracciones cl\u00e1sicas y modernas, el parque contin\u00faa ofreciendo momentos inolvidables y experiencias \u00fanicas para todas las generaciones.<\/p>\n\n\n\n<p>\u00bfTe gustar\u00eda saber m\u00e1s sobre alguna atracci\u00f3n espec\u00edfica o evento en City Park? Siganos en las red sociales!!!<\/p>\n","protected":false},"excerpt":{"rendered":"<p>City Park Paraguay es un parque de diversiones ubicado en la ciudad de Asunci\u00f3n. Fue inaugurado el 1 de marzo de 1999, marcando el inicio de una nueva era de entretenimiento para las familias paraguayas. Desde su apertura, el parque ha sido un lugar emblem\u00e1tico para la diversi\u00f3n y el esparcimiento, ofreciendo una variedad de [&hellip;]<\/p>\n","protected":false},"author":1,"featured_media":0,"parent":0,"menu_order":0,"comment_status":"closed","ping_status":"closed","template":"","meta":{"footnotes":""},"class_list":["post-124","page","type-page","status-publish","hentry"],"jetpack_sharing_enabled":true,"_links":{"self":[{"href":"https:\/\/www.citypark.com.py\/citypark\/wp-json\/wp\/v2\/pages\/124","targetHints":{"allow":["GET"]}}],"collection":[{"href":"https:\/\/www.citypark.com.py\/citypark\/wp-json\/wp\/v2\/pages"}],"about":[{"href":"https:\/\/www.citypark.com.py\/citypark\/wp-json\/wp\/v2\/types\/page"}],"author":[{"embeddable":true,"href":"https:\/\/www.citypark.com.py\/citypark\/wp-json\/wp\/v2\/users\/1"}],"replies":[{"embeddable":true,"href":"https:\/\/www.citypark.com.py\/citypark\/wp-json\/wp\/v2\/comments?post=124"}],"version-history":[{"count":3,"href":"https:\/\/www.citypark.com.py\/citypark\/wp-json\/wp\/v2\/pages\/124\/revisions"}],"predecessor-version":[{"id":140,"href":"https:\/\/www.citypark.com.py\/citypark\/wp-json\/wp\/v2\/pages\/124\/revisions\/140"}],"wp:attachment":[{"href":"https:\/\/www.citypark.com.py\/citypark\/wp-json\/wp\/v2\/media?parent=124"}],"curies":[{"name":"wp","href":"https:\/\/api.w.org\/{rel}","templated":true}]}}